7206 = -3*s + 5*u, -3592 = -2*s - 5*u + 1187. Let r = s + -589. List the prime factors of r.
2, 113
Let x = 33310 + 42463. What are the prime factors of x?
75773
Suppose 2*n - 2*p - 12 = -0*n, 0 = 5*n + 2*p - 16. Let c(f) = 116*f - 54. What are the prime factors of c(n)?
2, 5, 41
Let h = 2049 - 1435. Let j = h + -328. Suppose j = 3*t + 3*w + 19, -t - 2*w = -93. List the prime factors of t.
5, 17
Let i(o) = 4438*o - 30. What are the prime factors of i(1)?
2, 19, 29
Suppose -8*d + 360 = -3*d. Let b(a) = -2*a**3 - 19*a**2 - 8*a + 14. Let i be b(-9). Let x = d - i. List the prime factors of x.
67
Let g(j) be the second derivative of -23*j**3/6 - 16*j**2 + 24*j. Let p = 41 - 44. List the prime factors of g(p).
37
Suppose 3*z - 4 = -4*r, 7*r - 3*r - 4 = 5*z. Let o be 19 - (-1)/(r/1). What are the prime factors of (-5)/o*-2*146?
73
Suppose 78*i = 75*i. Let b be (28/35 - i)/((-2)/(-1075)). Suppose 0 = 244*y - 242*y - b. What are the prime factors of y?
5, 43
Let p = -4 + 7. Let l = 3004 - 3005. List the prime factors of (l/(-1))/p - 2292/(-9).
3, 5, 17
Let h = -6724 - -10277. What are the prime factors of h?
11, 17, 19
Let y(b) = 6054*b + 49. List the prime factors of y(3).
18211
What are the prime factors of (23542/4)/((-1166)/132 - -9)?
3, 79, 149
Suppose 5*n - 6714 = 13186. What are the prime factors of n?
2, 5, 199
Suppose 31*d = -4*q + 26*d + 27144, 0 = 5*q + 6*d - 33931. List the prime factors of q.
6791
Let y = -1397 + 381. Let i = y - -1621. Suppose -i = -15*p + 235. What are the prime factors of p?
2, 7
Suppose -5*l + 102 = -3*x - 523, 5*l = -20. Let j = 67 - x. What are the prime factors of j?
2, 3, 47
Suppose -197*g = -51*g - 2561716. What are the prime factors of g?
2, 31, 283
Suppose 0 = -3*j - 3*x + 20 - 8, 4*j = 2*x + 16. Let k be 2/20*j + (-488)/(-5). Suppose k = 2*c + a, -6*a + 4 = -4*a. List the prime factors of c.
2, 3
Suppose 24 = -x + 64. Let v be x/((-20)/25 - -1). Suppose -7*f + 3*f + v = 0. What are the prime factors of f?
2, 5
Let w(y) = -76*y**3 - 3*y**2 + 2*y + 6. Let g(b) = -74*b**3 - 3*b**2 + 2*b + 5. Let o(a) = 4*g(a) - 3*w(a). List the prime factors of o(-2).
2, 5, 53
Suppose 0 = -6*p + 7*p - 4. Suppose -48 = -p*l - 36. Suppose -l*s = -8*s + 180. What are the prime factors of s?
2, 3
Let b = -3412 - -16649. What are the prime factors of b?
7, 31, 61
Suppose -18 = 9*j + 54. What are the prime factors of (j + -2)*11490/(-60)?
5, 383
Let c(m) = -27*m - 255. What are the prime factors of c(-13)?
2, 3
Suppose -22961 - 321211 = -56*w + 619364. List the prime factors of w.
2, 7, 1229
Let h = -148 + 152. Suppose -3*d + 4206 = h*a, 10*d - 9*d = 2*a + 1402. List the prime factors of d.
2, 701
Let z be (207 - -8)*(-15)/3*1. List the prime factors of (z/(-5))/(3/6).
2, 5, 43
Let u(x) = -3515*x + 581. List the prime factors of u(-11).
2, 3, 31, 211
Let r = 144379 - 101516. What are the prime factors of r?
42863
Suppose 0*f - 6*f + 18 = 0. Suppose f*i = 3*l + 993, 1690 = 4*i + i + 2*l. Let r = i + -189. List the prime factors of r.
3, 7
Suppose 4*w - 2*s - 105454 = 0, -3*w + 3*s + 79066 = 5*s. List the prime factors of w.
2, 5, 659
Let o = -661 - -471. Let q = o - -517. Let r = -228 + q. List the prime factors of r.
3, 11
Suppose k - 3*j = 6 + 1, -4*j = -k + 5. Suppose -k*p + 35 = -6*p. Suppose -2*l - 234 = -p*o, 3*o = l + 49 + 91. What are the prime factors of o?
2, 23
Suppose -2*d + 22 - 6 = 0. List the prime factors of 2/(d/1076)*1.
269
Suppose -25*u + 113 = 38. Suppose u*q - 1882 = -2*v, -q + 357 + 270 = v. List the prime factors of q.
2, 157
Let n(z) = z**3 + 7*z**2 + 4*z - 7. Let k be n(-6). Let p = 2928 - 2924. Suppose p*h = 4*i - 268, -k*i + h = 4*h - 367. List the prime factors of i.
71
Suppose 0 = 2*n + a - 22268, 1954 + 20332 = 2*n - 2*a. What are the prime factors of n?
7, 37, 43
Suppose -4*s + 16 = 2*l, 4*s + 4*l = 9*l + 16. Suppose s*h - 102 - 1194 = 0. What are the prime factors of h?
2, 3
List the prime factors of 1082/(5489/781 + -7).
71, 541
Let q(c) be the second derivative of 9*c**4/2 - 23*c**3/6 - 27*c**2 - 36*c. List the prime factors of q(-4).
2, 11, 41
Let l(x) = -32*x + 32. Let m be (2 - 4)/(2/(-4)). Suppose 4*s - 3*r = -22, 5*s - m*r + 18 = -5*r. List the prime factors of l(s).
2, 5
Let w = 5015 + -5039. Let o be 4/30*6*-5. List the prime factors of (-16)/w*(-798)/o.
7, 19
Suppose 4*v = -9 + 21. Suppose 0 = -2*f + 3*g - 4*g - 3, -3*g = 3*f + v. Let c = f - -33. What are the prime factors of c?
31
Let i(v) be the first derivative of -v**3/3 - v**2 + 88*v - 26. What are the prime factors of i(0)?
2, 11
Let p = -51 + 49. What are the prime factors of p/(-14) - 2155*2/(-14)?
2, 7, 11
Let p(m) = -3*m. Suppose j + 5*o - 5 + 33 = 0, 5*j = 3*o. Let t be p(j). Let y(u) = 3*u**2 - 10*u - 17. What are the prime factors of y(t)?
2, 17
Let p = -45 + 45. Suppose p = -2*n + 1 - 5, 0 = 2*w - 4*n - 14. Suppose -w*g - 6*g + 1026 = 0. List the prime factors of g.
2, 3, 19
Let q = -5 - -1. Let l(c) = 0*c + 9 - 21 - 17*c + 6. List the prime factors of l(q).
2, 31
Let f = -212 - -7660. What are the prime factors of f?
2, 7, 19
Suppose 5*r + 31790 = 2*x, -2*r - 12580 = -4*x + 50984. List the prime factors of x.
2, 5, 7, 227
Let c = 274 - 431. Let y = c - -1093. What are the prime factors of y?
2, 3, 13
List the prime factors of ((-2)/(-6))/(8 + 9968141/(-1246020)).
2, 5, 1093
Let y(g) = -42 + 198 - 47*g - 90. List the prime factors of y(-5).
7, 43
Suppose 0*x = -6*x - 24. Let p = -3 - x. List the prime factors of 29 - (p + (4 - 1)).
5
Let m = -73 + 115. Suppose 4*g - 11*g + m = 0. Suppose g*l - l = 325. List the prime factors of l.
5, 13
Let d = -256 + -39. Let t = -70 - d. List the prime factors of t.
3, 5
Let o = 20489 + -12593. Suppose o = 61*i - 54*i. What are the prime factors of i?
2, 3, 47
Let w be 39/65 + (-96)/(-15). Let m(o) = 10*o**2 + 16*o - 36. List the prime factors of m(w).
2, 283
Suppose d - 65351 = g, -5*d - g = 75780 - 402517. List the prime factors of d.
2, 17, 31
Let c = 92 - 92. Suppose -2*f + 3*a + 1521 = 3*f, c = 3*a + 6. What are the prime factors of f?
3, 101
Let v = 3849 - 2707. Suppose 21*h - v = 1336. List the prime factors of h.
2, 59
Let m(h) = 9*h**3 - 4*h**2 + 8*h + 20. Suppose -4*j = -7*j + 18. List the prime factors of m(j).
2, 467
Suppose -3*k = -0*k - 3*m - 151422, 5*k - 4*m - 252363 = 0. What are the prime factors of k?
109, 463
Suppose -1590*a = -1592*a + 4. Suppose -5*c + 2969 = 2*g, 1201 = a*c - 2*g + 19. List the prime factors of c.
593
Let i(u) = 7*u**2 - 3*u - 12. Let m be i(6). Suppose 5*l - 5*v = 1065, 2*l = 3*l - 4*v - m. List the prime factors of l.
2, 3, 5, 7
Let q(f) = f**2 + 6*f - 5. Let a be q(-7). Let n be -103 - (1 + -1 + a). List the prime factors of (-4)/(20/n)*3.
3, 7
Suppose 15 = -3*c, -14*c = 4*r - 11*c - 69. What are the prime factors of 4164/r - (-26)/(-91)?
2, 3, 11
What are the prime factors of ((-12)/10)/(11 - 1428464/129860)?
2, 3, 43, 151
Let k(r) = r**3 + 47*r**2 + 60*r + 772. What are the prime factors of k(-22)?
2, 19
Let c(m) be the third derivative of m**5/10 - m**4/8 - m**3/3 + 21*m**2. Let r be c(4). Suppose -r = -3*l + 44. What are the prime factors of l?
2, 3, 7
What are the prime factors of (-2043)/(1 - (-192)/(-172)) - 23/(-115)?
2, 5, 7, 251
Suppose 2*k + 2*a + 362 + 92 = 0, 458 = -2*k - a. Let j = -964 + 1400. Let b = j + k. List the prime factors of b.
5, 41
Let m(y) = -2*y**3 - 22*y**2 - 27*y - 65. Let w be m(-10). Suppose -6*p - w = -239. What are the prime factors of p?
3, 13
Let c = 7 - -14. Let f = 32 - c. Suppose -f*t + 888 = -300. What are the prime factors of t?
2, 3
Let u(l) = l**3 + 15*l**2 + 22*l - 54. Let s be u(-13). What are the prime factors of -3 + (-5 - -17) + s?
7
Let q be 1*2*10/5. Suppose -q*h = -494 + 174. Suppose -300 = -5*d - h. What are the prime factors of d?
2, 11
Let v = 146020 - 99813. What are the prime factors of v?
7, 23, 41
Suppose 15 = 3*h, q + 138 = -2*h + 1937. What are the prime factors of q?
1789
Let m(u) = 7*u + 1. Let c(k) = -3*k. Let g(f) = -11*c(f) - 6*m(f). Let w be g(-4). Let n = 10 + w. What are the prime factors of n?
2, 5
Suppose 990*s = 1060*s - 2157330. List the prime factors of s.
3, 10273
Let i be ((-56)/(-32))/7 - 59/(-4). Suppose -4*g - 2*z + i = -125, -2*g + 66 = 2*z. List the prime factors of g.
